. Let i(s) = 8*s - 5. Let z(u) = -3*i(u) - 4*k(u). Give z(g).
7
Let o(w) be the third derivative of -w**5/60 + 25*w**2 - 31*w. Let p(s) = -4*s - 3. Let d(h) = h + 1. Let y be d(-2). Let a(q) = y*p(q) - o(q). Calculate a(-4).
3
Let p(m) be the third derivative of -m**5/60 - 7*m**4/24 - m**3/6 - 6*m**2. Suppose -777 = 8*q + 503. Let j = q + 155. Calculate p(j).
9
Let z be 4*2/((-8)/(-5)). Let b(x) = -3*x + 29. Let k(p) = -4*p + 38. Let d(v) = 5*b(v) - 4*k(v). Calculate d(z).
-2
Let n(d) = -d**2 - 7869*d**3 + 7870*d**3 + 0*d**2 + 13*d - 16*d**2 + 38. Give n(16).
-10
Let z = -4428 - -4435. Let h(j) = -j**3 - j. Let a(f) = 4*f**3 + 8*f**2 - 3*f + 5. Let y(g) = a(g) + 5*h(g). Calculate y(z).
-2
Let q(l) be the first derivative of -l**2/2 - 3*l - 45. Let m(u) be the third derivative of u**4/8 + 5*u**3/3 + 9*u**2. Let t be m(-5). Determine q(t).
2
Let u = -595 - -573. Let b(r) = -r**2 - 24*r - 43. Calculate b(u).
1
Let a(k) be the second derivative of -2*k - 1/20*k**5 + 5/6*k**4 + 4*k**2 - 11/6*k**3 - 28. What is a(9)?
-10
Let x(y) be the second derivative of y**4/6 - 5*y**3/6 + 3*y**2 - 2*y - 37. Let k(i) be the first derivative of x(i). What is k(5)?
15
Let c(m) = 7*m**3 - 17*m**2 + 2*m + 9. Let l(b) be the first derivative of -5*b**4/2 + 25*b**3/3 - b**2 - 13*b - 14. Let n(f) = 7*c(f) + 5*l(f). Determine n(6).
22
Let b(k) be the first derivative of -2 + 4*k**2 + 68 + 82 - k - 26. Give b(1).
7
Let u(x) = -3553*x**2 + 1843*x**2 - 108*x - 7 + 1695*x**2. What is u(-7)?
14
Let v(i) = i**3 - i**2 - 17*i - 12. Let a be v(5). Suppose 5*x - 38 - 9 = -3*o, -a*o + 7 = -5*x. Let q(f) = f**2 - 6*f - 13. Give q(o).
14
Let i(y) be the second derivative of y**5/20 - y**4/6 - 19*y**3/6 + 17*y**2/2 - 3586*y. Determine i(5).
-3
Suppose 0 = 4*h - 4*c + 25 - 41, 4*c - 2 = -2*h. Let j(i) be the second derivative of 3/2*i**2 - 7/12*i**4 + 0 - 14*i + i**h + 1/20*i**5. What is j(6)?
3
Let z be 4/5*(-15)/(-2). Suppose -3*k + 4*b = -19 - 464, k - 3*b = 166. Let p(r) = -156 + 3*r + r + k. Give p(z).
25
Let i(d) = 2*d**2 + d + 21. Let c(j) = -24*j**2 + 176*j - 93. Let y(l) = -c(l) - 5*i(l). What is y(13)?
1
Suppose -45*t - 61*t + 468 = 11*t. Let n(a) = -24*a + 102. Give n(t).
6
Let s be 2 + -1 + 0 + (-4 - -1). Let p(l) = 26*l**3 - 5*l**2 - 2*l - 6. Let u(z) = -14*z**3 + 3*z**2 + z + 3. Let c(i) = 6*p(i) + 11*u(i). Give c(s).
-5
Let w(z) = z**3 - 46*z**2 + 17*z - 764. Let u be w(46). Let s(k) = -k**3 + 19*k**2 - 21*k + 34. Determine s(u).
-20
Let h(l) = 2*l**2 + 2*l + 0*l - 9 - 9*l + l**3 - 7*l**3 - l. Determine h(-1).
7
Let q(w) be the first derivative of -w**3/3 - 11*w**2/2 - 26*w + 5328. Determine q(-10).
-16
Let h(l) be the first derivative of -l**4/4 + 5*l**3/3 - 5*l**2/2 - 6*l - 681. What is h(5)?
-31
Let j(q) = 30252*q**2 + 0*q - q - 30241*q**2. Let y = 6 - 5. Calculate j(y).
10
Let t(k) = -19863*k + 19872*k + 3*k**2 - k**2 + 7 - k**2. Give t(-6).
-11
Let m be 9/3 - (-12 - -14). Let g be (-8)/(-56) - m*180/(-14). Let z(l) = -l**3 + 13*l**2 + l - 9. What is z(g)?
4
Let n(s) = -s**2 + 13*s - 5. Let m = 790 - 785. Suppose -m*g = -k - 59, -3*g + 41 = 9*k - 4*k. What is n(g)?
7
Suppose -2*y + 51 + 1 = 0. Let c(d) = -2*d**2 - 17 + d**3 - 4*d**2 + y - 8. Let z(l) = -5*l + 1. Let g be z(-1). What is c(g)?
1
Let k(o) = o - 2*o**2 + o**2 + 55 - 66. Let c(u) = -u**3 - 3*u. Suppose 5*r + 5 = x, -3*r - 2*x + 10 = -r. Let f be c(r). Calculate k(f).
-11
Let p(f) = -f**3 - 2*f**2 + 3*f - 52. Let s(m) = 5*m**3 + 12*m**2 - 16*m + 285. Let c(x) = -11*p(x) - 2*s(x). Let o be 1/(-2)*6*-1. Calculate c(o).
8
Let r be (-5)/((-121)/(-110) - (-1)/(-10)). Let o(m) = -m - 5*m + 5*m + 7. Calculate o(r).
12
Let s(l) = -l**2 - l + 4. Let f(k) = 13*k - 199. Let u be f(15). Give s(u).
-8
Suppose -6*g = 588*g + 209*g. Let j(a) be the third derivative of -1/120*a**6 + 0*a - 1/24*a**4 + 0 + 1/60*a**5 + 2*a**2 - 7/6*a**3. Give j(g).
-7
Let j(k) = 2*k + 7. Let c be j(-21). Let a be 80/(-3)*42/c. Let f = 22 - a. Let v(s) = -s - 18. Calculate v(f).
-8
Let s(h) = 2*h + h**3 + 1 - 4*h - h**2 + 0*h**3. Let k be -4*-1*(-9)/(-6). Let r be k - ((-6)/2 - -7). What is s(r)?
1
Let k be (1 + -2)*(0 + (-2 - 2)). Let z(u) = -u + 11 - u + k*u + 11. Calculate z(-9).
4
Let s(i) = -50*i**3 + i**2 + i + 1. Let o(l) = 151*l**3 - 37*l**2 - 9*l + 201. Let q(j) = -o(j) - 3*s(j). Calculate q(34).
0
Let w(x) = -x**3 - 3*x + 4. Let y(r) = r**3 + r**2 + r - 2. Let b(s) = w(s) + 2*y(s). Let t(v) = -v**2 - 9*v + 12. Let l be t(-10). Calculate b(l).
14
Suppose 4*k - 9 = 3*r, 10*k - 4*r = 8*k + 2. Let m(d) = 4*d - 3487*d**k + 0*d**2 - d**2 + 3486*d**3 - 3*d**2. Determine m(-4).
-16
Let z(h) = -1587616 + 1587633 - 8*h + 25*h. Determine z(-5).
-68
Let j(m) = m**3 + 2*m**2 - 4*m - 4. Let i(d) be the first derivative of d**3/3 - 9*d**2/2 - 3*d + 34. Let z be i(9). Give j(z).
-1
Let p(y) be the third derivative of -y**6/120 + 3*y**5/20 + 3*y**4/8 - 2*y**3 + 20*y**2 + 2. Suppose 723*a - 730*a = -70. Calculate p(a).
-22
Let i(l) = -3 + 20 + 27000*l + 11 + 25*l**2 + l**3 - 27052*l. Calculate i(-27).
-26
Suppose 31*k + 93 - 186 = 0. Let i(w) = -1166*w**2 + 2*w**k + 6*w + 6 - 3*w**3 + 1161*w**2. What is i(-6)?
6
Let g(n) be the first derivative of n**4/4 + 43*n**3/3 + 20*n**2 - 83*n + 232. Calculate g(-42).
1
Let m(t) = -4*t**2 - 40 - 3*t**2 - 16*t**3 + t**2. Let a(j) = 26*j**3 + 27*j**3 + 21*j**3 + 8 + j**2 - 71*j**3. Let o(x) = -11*a(x) - 2*m(x). Give o(0).
-8
Let w be -2*(-5 + 658/4). Let v = 314 + w. Let z(s) = -s**2 - 6*s - 6. Calculate z(v).
-1
Let t(i) be the third derivative of -1/60*i**5 + i**2 + 0*i + 1/4*i**4 + 0 + 1/2*i**3. Let s = 372 - 366. Determine t(s).
3
Let z(r) = 60*r + 60*r + 2 - 114*r + 2*r**2. Let x = 587 - 592. What is z(x)?
22
Let g(h) = 3*h - 18. Let f be g(8). Suppose 3*l - f = 0, 0*d - 4*d + 258 = 3*l. Suppose 0 = 7*u + 2*u - d. Let n(b) = b**3 - 6*b**2 - 11*b + 8. What is n(u)?
-20
Let n(g) = g + 9. Let i = -36 + 38. Let y = i - -77. Let b = y + -90. Determine n(b).
-2
Suppose 15 + 62 = 7*o. Suppose t + u = -1, -o = 5*t + 2*u + 3. Let p(l) = l**3 + 3*l**2 - 2*l + 2. Give p(t).
-6
Let l(s) be the third derivative of -s**4/12 - 7*s**3/6 - s**2. Let o = 168550 - 168554. What is l(o)?
1
Let v(o) = -4*o**2 - 2 - o**3 + o**2 + 0. Let a(f) = f**3 + 12*f**2 + 11*f + 3. Let q(j) = -j**2 - j. Let d(p) = -a(p) - 5*q(p). Let x be d(-6). Give v(x).
-2
Let b(r) = 24*r + 19*r - 132 + r + 32*r - r**2 - 12*r. What is b(2)?
-8
Let g be ((-6)/18)/(5 - (-470)/(-90)). Let s(l) be the first derivative of 2*l - 1/3*l**3 + g*l**2 - 36. What is s(4)?
-2
Let u(a) = -7*a**2 + 14*a - 12. Let q be 2/((-6 + 4)/1)*-5. Let b(m) = -3*m**2 + 7*m - 6. Let l(s) = q*b(s) - 2*u(s). What is l(7)?
-6
Let g(k) = 142 - 44*k + 41*k - 138. What is g(5)?
-11
Suppose -25*f + 40 = -17*f. Let g = f + -1. Let b(j) = j - 3. Calculate b(g).
1
Let r(l) be the third derivative of -l**5/120 + l**4/8 + 10*l**3 + 2*l**2 - 11. Let x(p) be the first derivative of r(p). Give x(12).
-9
Let d(l) = 4*l**3 - 42*l**2 + 29*l - 80. Let q be d(10). Let u(z) = z**2 - 15*z + 45. Determine u(q).
-5
Let s be 3/(1 - 2/1). Suppose 0 = 24*x - 22*x + 4*y + 6, 0 = -3*y - 9. Let a(q) = -x + 0*q + 10*q - q**2 - 11*q. What is a(s)?
-9
Let u(s) be the first derivative of -25 - s - 1/3*s**3 - 5/2*s**2. Give u(-3).
5
Let g be 2/((-2)/(-7)) - 2. Let t(d) be the first derivative of 1/3*d**3 - 2*d**2 + 1 - 5*d. Determine t(g).
0
Let o(p) = -81*p + 409. Let u(z) = -85*z + 428. Let j(i) = 2*o(i) - 3*u(i). Determine j(5).
-1
Let i = -31 - -35. Suppose -i*p - s = -8 - 12, 0 = -3*p - 2*s + 15. Let h(j) be the first derivative of -2*j**2 + 7*j + 12. Calculate h(p).
-13
Let l(q) = -q**3 + 4*q**2 - 2*q + 5. Let x = 9 + -3. Let c(j) be the second derivative of -j**3/3 + 8*j**2 - 258*j. Let h be c(x). Give l(h).
-3
Let z(q) = q**3 + 6*q**2 + 17*q - 9. Let f(s) = s**3 + 7*s**2 + 17*s - 8. Let t(w) = -5*f(w) + 4*z(w). Give t(-9).
-5
Let z(g) be the third derivative of -g**4/12 - 13*g**3/3 + 7*g**2 + 2*g. Let q(m) = -3*m - 30. Let k(u) = -3*q(u) + 4*z(u). Give k(9).
-5
Let u(i) = 34*i - i - 33*i - 5 + 7*i. Give u(-5).
-40
Let p(s) = 99*s + 21. Let x(a) = -218*a - 42. Let h(n) = -11*p(n) - 5*x(n). Suppose w - g - 12 = 0, 18 = w + 2*g - g. What is h(w)?
-6
Let c(w) = -w**2 + 8*w + 19. Suppose z = 5*l + 20, 0*l - 